1154*(-3)/(9 + -12) + (5 - 1). What is the highest common factor of m and 24?
6
Suppose -4*f = 4*m - 9636, -4*m + 2931 = -3*f - 6670. What is the greatest common divisor of m and 4?
4
Suppose 10 - 34 = -3*u. Let l = 14565 + -14563. Calculate the greatest common factor of l and u.
2
Let z(o) = 7 - 16*o - 2*o - 2. Let c be z(-5). Suppose 5*m + 342 = 23*m. What is the highest common divisor of c and m?
19
Suppose 2080 + 3548 = 14*t. Let o = -354 + t. What is the highest common factor of 12 and o?
12
Suppose 4*w - 925 = -5*z, -42*w = -37*w - z - 1207. Calculate the greatest common factor of 35 and w.
5
Let d = -11479 - -16559. What is the highest common divisor of 40 and d?
40
Let x = 718 + -502. Suppose -x = -52*z + 46*z. What is the greatest common factor of 288 and z?
36
Let q be 72/(-15)*(-20355)/531. Let u be 5/((-10)/4) + 16. Let c = 37 - u. What is the greatest common factor of q and c?
23
Let n(v) = 143*v - 1977. Let z be n(14). Let r = -300 - -925. Suppose -625 = -5*d - s, 2*s + r = 5*d - s. What is the highest common divisor of d and z?
25
Let u = 35 - 34. Let f be (-5 - u) + 5 - 738/(-2). Calculate the highest common divisor of f and 46.
46
Let w(d) = -d**3 + 15*d**2 - 35*d - 96. Let j be w(10). Let h be (3 + (-20)/6)*-138. Let l = 532 - h. What is the greatest common factor of l and j?
54
Suppose -f - 3*f = -228. Let x = f + -54. Suppose -252 = -x*z - 5*p + 2*p, -4*p = -z + 84. What is the greatest common factor of 210 and z?
42
Let h(r) = 62*r**2 + 31*r + 29. Let m be h(-1). Suppose 3*y - 96 = -3*y. What is the highest common divisor of y and m?
4
Let r(h) = -60*h + 7641. Let d be r(127). What is the greatest common divisor of d and 1944?
3
Suppose -i + 0*i = 8. Let x be 4*1/i*-34. Suppose z - 101*r = -106*r - 28, -3*r + 109 = 8*z. Calculate the highest common divisor of z and x.
17
Let a(q) = -7*q + 7. Let z be a(-7). Suppose 4*m - 328 - 224 = -65*m. Calculate the greatest common divisor of m and z.
8
Let g = -5 - -24. Let v(p) = -p**2 - 45*p - 225. Let t be v(-12). What is the greatest common factor of g and t?
19
Let s(b) = -2*b**2 + 2*b + 73. Let f be s(14). Let d = 293 + f. What is the highest common factor of d and 54?
2
Let j(g) = -7*g - 200. Let y be j(-30). Suppose y = -2*r, b + 10*r - 8*r - 89 = 0. What is the highest common divisor of b and 22?
11
Let y be 2 - (-445 - 2)/(8/32*6). Calculate the greatest common divisor of y and 700.
100
Let s(w) = -5*w**2 + 41*w - 3. Let c be s(8). Suppose -5*b - 2*o + 50 + 108 = 0, -2*b = -c*o - 40. What is the highest common factor of b and 240?
30
Let u be 1 - 3/(9/(-780)). Suppose 9787 = -46*l + 10201. What is the highest common factor of l and u?
9
Let p be (-13 - (-170)/10) + 276. What is the greatest common divisor of 42 and p?
14
Let m = -5409 + 5754. What is the greatest common factor of m and 645?
15
Let l be (-10 + 21)/(1 + 0). Suppose 22*f - 36 = 13*f. Let u be (-4)/16 - l*(-23)/f. Calculate the highest common divisor of u and 7.
7
Suppose 10*i - 60 = -0*i. Suppose -54 = -i*h + 48. What is the highest common divisor of 408 and h?
17
Suppose 2*k - 28 = -2*k. Suppose 4*v + 14 = -t, -5*t - 10 = 2*v + 3*v. Let u be 3 + -3 - (-28)/t. Calculate the highest common factor of k and u.
7
Let x(l) = l**3 + 21*l**2 - 79*l - 551. Let g be x(-23). Calculate the greatest common factor of 234 and g.
26
Suppose 0*b - 37 = -5*j + 3*b, 5 = 5*b. Let h be (j/10)/((-6)/(-15)). Suppose 5*s = h*s + 252. What is the highest common factor of s and 36?
12
Suppose 6741 = 4*z + 1. Suppose -7*y = 677 - z. Calculate the highest common divisor of 96 and y.
48
Let x be 3/(-12)*-4341 - (15 + (-472)/32). Calculate the highest common divisor of x and 140.
35
Let m = 1 + -1. Suppose 2*t = -m*t + 112. Let a(y) = -2*y**2 - 85*y + 536. Let w be a(-48). What is the greatest common divisor of t and w?
8
Let c be (1416/(-10))/((-642)/1070). What is the highest common divisor of c and 944?
236
Let o(a) = 23 + 102*a - 101*a + 16. Let z be o(-9). Suppose 0 = 2*y - 98 - 322. What is the highest common divisor of z and y?
30
Let b(j) = j**3 - 38*j**2 - 69*j - 389. Let d be b(40). Calculate the greatest common divisor of d and 12.
3
Let w = 2457 + -1059. Let h = -345 + w. Calculate the highest common divisor of h and 13.
13
Suppose -49*i + 52*i - 6636 = 0. Let g = -1380 + i. What is the greatest common divisor of g and 52?
52
Let i be -5 + 80/2 - -4. Suppose i = -0*p - 13*p. Let q be p/((-24)/38) - (-2)/8. Calculate the greatest common divisor of 5 and q.
5
Suppose v + 2 = 0, 819 = 5*s - 11*v + 14*v. Calculate the greatest common divisor of s and 180.
15
Let l be 75 + (-4 - (4 + -12)). Suppose -8*i = l - 223. Suppose -3*x - 36 = -2*s, -5*x - 18 = -0*s - s. What is the highest common factor of i and s?
18
Let i = 3737 + -1476. Calculate the greatest common factor of 238 and i.
119
Suppose 0 = -4*v + 5*b + 2365, 954 = 3*v + 5*b - 776. Suppose -135*q = -10*q + 1466 - 7091. What is the greatest common factor of q and v?
45
Suppose 0*h + h = 4*p - 24, 5*p - 4*h = 41. Suppose -2*u + q + 15 = 0, p*q - 18 = 7. What is the greatest common divisor of 160 and u?
10
Let s(p) = 10 + 44 + 9*p - 7*p - 10*p. Let k be s(0). What is the highest common divisor of k and 486?
54
Let d be ((-8)/(-10))/(-18 + (-42133)/(-2340)). What is the greatest common divisor of 162 and d?
18
Suppose -2*v - 2*z = 1 - 3, 3 = 5*v + 4*z. Let t be (-1008)/(-22) + v + 234/1287. Calculate the greatest common divisor of t and 180.
45
Let r = -635 - -1097. What is the highest common factor of r and 672?
42
Let l be 62890/70 + 30/(-70). What is the highest common divisor of 2 and l?
2
Let r = 1006 - 919. Suppose -4*s + 4*k = 2*k - 282, -3*k = s - 74. Let n = r - s. Calculate the greatest common divisor of n and 4.
4
Let z be ((-30)/(-12))/((-1)/2) - 0. Let k = z + 0. Let s be 3549/65 - (-1)/(k/(-2)). Calculate the highest common divisor of s and 22.
11
Let v be (-1 - 3) + 1 + -155. Let p = v - -536. What is the greatest common factor of 54 and p?
54
Let d = 16819 - 16807. Suppose 9 = 3*v - 0*v. Suppose 24 = -o + v*o. What is the highest common divisor of o and d?
12
Suppose -5*c + 293 = -f, -3*f - 230 = -9*c + 5*c. Let o(s) = -s**3 - 2*s**2 - s + 1003. Let v be o(0). What is the greatest common divisor of v and c?
59
Suppose -5*p + 491 = -n, 5*p - 241 = 5*n + 254. Suppose -20*m = -17*m - 84. Calculate the greatest common factor of m and p.
14
Let o be -4*5/5 - 0. Let v be (-234)/o*17/((-51)/(-6)). What is the highest common factor of v and 273?
39
Let b = 11 - -1. Let r(v) be the first derivative of -5*v**4/2 + v**3/3 + 3*v**2/2 + 6*v - 4. Let f be r(-2). Calculate the highest common factor of b and f.
12
Let b(s) = -s**3 - 8*s**2 - 17*s + 17. Let x be b(-5). Suppose x*a = 2748 + 654. What is the highest common factor of 28 and a?
14
Let a(f) = -14*f + 2103. Let d be a(-59). Calculate the highest common factor of 707 and d.
101
Let v = -243 - -407. Let h = 310 + -209. Suppose -h - 63 = -4*s. What is the highest common factor of s and v?
41
Let i = -117 - -119. Let t be ((-44)/(-99))/(i/36). Calculate the highest common factor of 56 and t.
8
Let i(j) = 53*j - 130. Let h be i(-15). Let q = -687 - h. Calculate the highest common factor of q and 14.
14
Let s = 733 + -358. Let m = s + 25. What is the greatest common divisor of 32 and m?
16
Let n(y) = -2*y**3 + 11*y**2 - 5*y - 11. Let s = -45 + 49. Let v be n(s). Calculate the highest common divisor of v and 289.
17
Suppose -25 = 29*n - 112. Suppose 4*c - 6*c - 2*y + 2 = 0, 11 = n*c - 5*y. What is the highest common factor of c and 29?
1
Let k = -1827 + 1890. What is the highest common divisor of k and 27?
9
Suppose -433 + 243 = -10*g. Let d(b) = b**2 + 6*b - 1. Let a be d(-5). Let x be (-2)/a*(625 + 2). What is the greatest common factor of x and g?
19
Let n be 2/9 - 2221/(-9). Let o be (-67 - -76) + (-20)/1 - -37. What is the highest common factor of n and o?
13
Suppose -5*m + 2*m + 12 = 0, 3*i = 4*m + 2. Let v be (-9*(-8)/(-30))/((-23)/575). What is the highest common divisor of v and i?
6
Let l = -19 - -19. Suppose l = f + 2 - 22. Let y = 684 + -664. Calculate the greatest common factor of f and y.
20
Let s(f) = 24*f**2 + 60*f - 287. Let c be s(8). What is the highest common divisor of 266 and c?
133
Let m = 358 + -142